7062?
38
What is the greatest common factor of 10 and 4?
2
What is the highest common divisor of 14806 and 132?
22
Calculate the highest common divisor of 21 and 77.
7
What is the highest common factor of 98 and 42?
14
What is the highest common divisor of 190 and 80?
10
What is the greatest common factor of 6 and 438?
6
What is the highest common factor of 726 and 198?
66
Calculate the greatest common factor of 1 and 15.
1
Calculate the greatest common factor of 30 and 30.
30
Calculate the highest common divisor of 78 and 56.
2
Calculate the greatest common factor of 95 and 5643.
19
Calculate the greatest common divisor of 2756 and 4876.
212
What is the greatest common divisor of 3 and 5?
1
What is the highest common divisor of 782 and 102?
34
Calculate the highest common factor of 324 and 36.
36
Calculate the highest common divisor of 1156 and 68.
68
What is the highest common divisor of 154 and 21?
7
Calculate the highest common divisor of 57 and 38.
19
Calculate the highest common factor of 783 and 58.
29
Calculate the highest common factor of 175 and 70.
35
Calculate the greatest common factor of 43 and 1.
1
Calculate the greatest common factor of 1 and 1.
1
Calculate the greatest common divisor of 6 and 57.
3
What is the greatest common factor of 536 and 8?
8
What is the highest common divisor of 49209 and 141?
141
What is the greatest common divisor of 104 and 143?
13
Calculate the highest common divisor of 71 and 142.
71
What is the highest common factor of 85 and 527?
17
Calculate the greatest common factor of 14326 and 13.
13
What is the highest common divisor of 1534 and 104?
26
Calculate the greatest common factor of 35 and 3227.
7
What is the greatest common divisor of 1779 and 3?
3
Calculate the highest common divisor of 885 and 4720.
295
Calculate the highest common factor of 32 and 544.
32
What is the highest common factor of 4 and 5476?
4
Calculate the greatest common divisor of 18 and 423.
9
What is the highest common factor of 250 and 170?
10
Calculate the greatest common divisor of 132 and 627.
33
What is the greatest common factor of 203 and 87?
29
Calculate the highest common divisor of 440 and 1960.
40
Calculate the highest common divisor of 10 and 2410.
10
What is the highest common factor of 748 and 121?
11
Calculate the greatest common factor of 4296 and 24.
24
What is the greatest common divisor of 51007 and 11?
11
Calculate the greatest common factor of 901 and 17.
17
Calculate the greatest common divisor of 861 and 984.
123
What is the greatest common factor of 4 and 10484?
4
What is the greatest common factor of 8 and 5608?
8
Calculate the highest common divisor of 162 and 9720.
162
Calculate the greatest common factor of 775 and 93.
31
Calculate the highest common divisor of 20 and 80.
20
Calculate the highest common divisor of 7 and 98.
7
Calculate the greatest common divisor of 209 and 19.
19
Calculate the greatest common factor of 100 and 25.
25
What is the greatest common factor of 97 and 5626?
97
Calculate the greatest common divisor of 9 and 147.
3
Calculate the greatest common factor of 5 and 3055.
5
What is the highest common divisor of 85 and 34?
17
What is the greatest common divisor of 162 and 288?
18
What is the highest common factor of 14 and 553?
7
What is the highest common factor of 320 and 170?
10
Calculate the highest common divisor of 1160 and 280.
40
What is the greatest common factor of 56 and 184?
8
What is the highest common factor of 6 and 4770?
6
Calculate the greatest common divisor of 172 and 8.
4
What is the greatest common factor of 170 and 136?
34
What is the highest common divisor of 2151 and 18?
9
Calculate the greatest common divisor of 162 and 114.
6
Calculate the greatest common divisor of 15582 and 795.
159
Calculate the greatest common factor of 270 and 2570.
10
What is the highest common factor of 145 and 319?
29
What is the highest common divisor of 5533 and 11?
11
What is the highest common divisor of 102 and 119?
17
Calculate the highest common factor of 357 and 408.
51
What is the greatest common factor of 9308 and 520?
52
Calculate the greatest common factor of 42 and 48.
6
What is the highest common factor of 7 and 9961?
7
Calculate the greatest common factor of 54 and 4806.
54
Calculate the highest common factor of 7672 and 560.
56
What is the highest common factor of 372 and 36?
12
Calculate the highest common divisor of 36 and 2212.
4
Calculate the highest common divisor of 240 and 7248.
48
Calculate the highest common divisor of 803 and 73.
73
What is the greatest common factor of 230 and 29440?
230
What is the highest common factor of 18 and 5679?
9
What is the highest common factor of 2547 and 36?
9
What is the highest common divisor of 260 and 115?
5
What is the greatest common divisor of 424 and 344?
8
What is the greatest common divisor of 845 and 5?
5
Calculate the greatest common factor of 2090 and 3230.
190
Calculate the greatest common factor of 219 and 18.
3
What is the greatest common factor of 30 and 135?
15
What is the highest common factor of 34291 and 53?
53
What is the highest common divisor of 14 and 2597?
7
Calculate the greatest common factor of 2 and 11.
1
Calculate the greatest common factor of 1200 and 840.
120
What is the highest common factor of 49 and 245?
49
What is the highest common factor of 3384 and 8?
8
Calculate the highest common factor of 16 and 59776.
16
Calculate the greatest common factor of 6075 and 150.
75
What is the highest common divisor of 156 and 174?
6
What is the greatest common divisor of 2 and 29?
1
What is the highest common divisor of 378 and 28?
14
What is the highest common factor of 120 and 90?
30
What is the highest common factor of 1050 and 168?
42
What is the highest common divisor of 19 and 2489?
19
Calculate the greatest common divisor of 111 and 1184.
37
What is the highest common factor of 90 and 945?
45
Calculate the highest common factor of 15 and 255.
15
What is the highest common divisor of 19700 and 50?
50
What is the highest common divisor of 15 and 125?
5
Calculate the highest common divisor of 32 and 132.
4
Calculate the greatest common divisor of 390 and 2080.
130
Calculate the highest common divisor of 14 and 70.
14
What is the highest common factor of 800 and 60?
20
What is the highest common factor of 752 and 48?
16
What is the highest common divisor of 15 and 147?
3
What is the highest common factor of 2 and 9?
1
Calculate the greatest common factor of 72 and 225.
9
Calculate the highest common divisor of 658 and 3854.
94
Calculate the greatest common factor of 174 and 2291.
29
Calculate the highest common divisor of 2107 and 129.
43
What is the highest common factor of 29 and 100021?
29
Calculate the greatest common factor of 13 and 611.
13
What is the greatest common divisor of 5 and 9?
1
Calculate the greatest common divisor of 4669 and 69.
23
What is the greatest common factor of 7557 and 33?
33
Calculate the greatest common divisor of 21 and 129.
3
What is the highest common divisor of 33 and 352?
11
What is the highest common divisor of 68 and 85?
17
What is the greatest common factor of 14536 and 92?
92
What is the greatest common divisor of 11 and 99?
11
Calculate the highest common divisor of 75 and 25.
25
What is the highest common factor of 13 and 83?
1
Calculate the greatest common divisor of 88 and 506.
22
What is the highest common divisor of 2 and 98?
2
Calculate the highest common factor of 600 and 800.
200
Calculate the greatest common factor of 5650 and 678.
226
Calculate the greatest common factor of 164 and 10.
2
What is the highest common factor of 15 and 83?
1
What is the highest common factor of 1662 and 4709?
277
Calculate the highest common factor of 9 and 63.
9
Calculate the greatest common divisor of 1990 and 90.
10
Calculate the highest common divisor of 20 and 790.
10
What is the greatest common divisor of 16 and 22912?
16
Calculate the greatest common divisor of 4 and 46.
2
What is the greatest common factor of 4 and 18?
2
Calculate the greatest common divisor of 117 and 45.
9
Calculate the greatest common factor of 6 and 471.
3
What is the greatest common divisor of 3175 and 25?
25
Calculate the highest common factor of 87 and 29.
29
Calculate the greatest co